 80 = w. What is the greatest common divisor of w and 80?
16
Let a = 100 - 44. Suppose -p = 3*t - 11, -2*t + 19 = t + 5*p. Suppose -21 = -t*s + 21. What is the highest common divisor of a and s?
14
Let m be 92/6 - (-8)/12. Suppose m*i - 15*i - 64 = 0. What is the highest common factor of 8 and i?
8
Let v = -3 + 8. What is the greatest common factor of 5 and v?
5
Suppose 2*u + 2*u - 90 = -2*f, -170 = -3*f + u. Calculate the highest common factor of f and 11.
11
Let z be (2/5)/((-1)/(-30)). Suppose 0*f = -3*f + 579. Let x = f - 97. Calculate the highest common factor of x and z.
12
Let p(q) = q**3 - 14*q**2 - 12*q - 18. Let y be p(15). What is the highest common factor of 9 and y?
9
Suppose -3*p = -4*n - 0*n + 9, n + 4*p = 26. What is the highest common factor of n and 48?
6
Suppose 4*v = 2*t - 6, -4*t - v - 5 = -17. Let y = 39 + -18. Calculate the highest common divisor of y and t.
3
Let f(d) = 35*d. Let a be f(3). Suppose -a + 329 = -2*o. Let t = 172 + o. Calculate the highest common divisor of 15 and t.
15
Suppose -x = 2*b - 30, -x - 3*b = 18 - 52. Let o(v) = 3*v - 1. Let f be o(4). What is the highest common divisor of f and x?
11
Let o(h) = -5*h - 18. Let w be o(-12). What is the greatest common divisor of w and 105?
21
Let c(u) = u**2 - 2*u - 5. Let q be c(4). Let d(i) = i**3 - 6*i**2 - i + 8. Let w be d(6). Suppose w*n - 5 = q. What is the highest common divisor of n and 10?
2
Let h(k) = -k**2 + 9*k - 9. Let n be h(6). Let o be 2/2*73/1. Suppose -b + 105 - 20 = t, -b + o = -2*t. Calculate the greatest common divisor of b and n.
9
Let v = 7 - 0. Calculate the highest common divisor of v and 7.
7
Suppose 0 = 3*r - 2*h - 98, -r + 3*h = -4*r + 93. Suppose -20 = 4*w, d - 5*w + 0*w = -11. Let t be d/(-5)*80/12. What is the greatest common divisor of t and r?
16
Let h(m) be the second derivative of 5*m**4/12 + m**3/6 - 2*m. Let b be h(1). What is the greatest common factor of b and 12?
6
Suppose -3*k - 4*v = -11, 3*v = v + 4. What is the highest common factor of 11 and k?
1
Let m be 1 + (-2 - -4) + -2. Suppose -m - 5 = -2*v. What is the highest common factor of 33 and v?
3
Suppose 5*r + 1 = 11. Suppose -5*f = 2*x - r + 30, 0 = 3*x - f + 59. Let q = 28 + x. Calculate the greatest common divisor of 36 and q.
9
Suppose -3*f + 9 = -3*u, -4*u - 8 = -0*f - 3*f. Let k = 5 - f. Let p = 22 - k. What is the greatest common factor of p and 3?
3
Let g(q) = -2*q**2 - 4*q + 9. Let o(r) = r**2 + 2*r - 5. Let c(p) = -3*g(p) - 5*o(p). Let n be c(5). What is the greatest common factor of n and 11?
11
Suppose -2*z - 14 + 16 = 0. Let v = 0 + -2. Let h be (-1 - -4)*(-6)/v. What is the highest common divisor of z and h?
1
Let j = -8 - -35. Suppose 27 = b + 2*b. What is the highest common factor of b and j?
9
Let u = 3 + -1. Suppose 0*m - u*m + 12 = 2*y, -27 = -5*y - 2*m. Suppose -w - y = -16. What is the greatest common divisor of 1 and w?
1
Suppose -3*w - w = -5*z - 61, 66 = 5*w + 4*z. Let a = 0 - 0. Let x = w - a. What is the highest common divisor of x and 70?
14
Let p = 49 + -30. Suppose -17*q + p*q - 6 = 0. What is the highest common divisor of 3 and q?
3
Suppose 3*j = j + 10, 3*p = 5*j + 155. Let z be 0*((-15)/10 + 2). Suppose 0 = -4*m - z*m + p. What is the greatest common divisor of m and 15?
15
Suppose 0*p + 60 = 4*p. Calculate the highest common divisor of 30 and p.
15
Let h = 12 - 9. Suppose 4*r + r - 80 = -4*t, 2*r = -h*t + 25. Calculate the greatest common divisor of 40 and r.
20
Suppose -y = -5*y + 32. Let h(t) = -t**2 - 2*t + 64. Let b = -8 + 8. Let m be h(b). What is the greatest common divisor of y and m?
8
Let t = 149 - -25. Let n = t - 64. Calculate the greatest common divisor of n and 10.
10
Suppose -4*x = -x - 15. What is the greatest common factor of 45 and x?
5
Suppose 7*l - 4 = 3*l. Suppose o = -l + 57. Let w(q) = -5*q - 2. Let h be w(-2). Calculate the highest common factor of o and h.
8
Suppose 0 = -w - 2*w + 1749. Suppose -4*x = -w + 107. What is the highest common divisor of 17 and x?
17
Suppose w + 26 = 2*c, -4*c + 71 = c - 4*w. What is the highest common divisor of c and 22?
11
Let h(o) = 2*o**2 + 6*o. Let j be h(-5). Let c = -53 + 173. Let w = c - j. Calculate the highest common divisor of 40 and w.
20
Suppose 0 = -n - 2*n. Let f(b) = b**2 + 8. Let t be f(n). Suppose 0 = 13*a - 17*a + 96. Calculate the highest common factor of a and t.
8
Let l(h) = 5*h**2 - 1. Let i be l(1). Suppose 6 = 4*s - s. Suppose -q + i*k = -39, -3*q + s*k + 19 + 88 = 0. What is the highest common divisor of 7 and q?
7
Suppose 6*b - b = 5. Let m be (11 + 3)*b/2. Let t = m + -6. Calculate the greatest common factor of 9 and t.
1
Suppose 4*n + 78 = 5*n. What is the greatest common factor of n and 26?
26
Let q = -2 - 0. Let f be (q + (-14)/(-6))*30. What is the greatest common factor of f and 10?
10
Suppose -g - 32 = -2*g. Let o be (-3)/(-5)*(1 - -4). Suppose -r + g = 4*w - 5*r, -o*r = 3*w - 12. Calculate the highest common divisor of w and 2.
2
Let n = 180 + -158. Let x be 6/15 - (-8)/5. Calculate the highest common divisor of n and x.
2
Suppose -5*w - q = -1228, 2*w + 5*q = 305 + 200. Calculate the greatest common factor of w and 35.
35
Let t(b) = 1. Let p = 10 - 11. Let f(z) = -13*z**2 - 3*z - 7. Let w(v) = p*f(v) - 5*t(v). Let s be w(3). What is the greatest common divisor of s and 16?
16
Suppose 0*m + 3*m - 153 = 0. What is the greatest common divisor of m and 17?
17
Suppose 104 - 50 = 2*u. Calculate the greatest common divisor of 18 and u.
9
Let o(k) be the first derivative of -k**2 - 4*k - 4. Let r be o(-7). Calculate the greatest common divisor of 30 and r.
10
Let i(s) = -7*s**2 - 2*s - 1. Let z be i(-1). Let r = z - 98. Let o = r - -176. Calculate the greatest common divisor of 12 and o.
12
Let v = 128 + -18. Suppose -r - 3*h + 22 = 0, -r - 4*h + 2*h = -18. Calculate the highest common divisor of v and r.
10
Let z(f) = f**3 + 2*f**2 - 4*f. Let x be z(-3). Calculate the greatest common factor of x and 18.
3
Suppose y = -0 + 1, 4*w = -4*y + 164. What is the highest common factor of w and 8?
8
Let y = -9 + 14. Let j be ((-5)/(-3))/(8/24). Suppose -x - 201 = -j*w, -2*w - 3*w = 2*x - 198. What is the greatest common factor of y and w?
5
Suppose 11*h = 10*h + 12. Calculate the highest common factor of h and 6.
6
Let z be (-6)/((-573)/(-144) - 4). Suppose -z = -3*a - a. What is the greatest common divisor of 8 and a?
8
Let o = -2 - 3. Let d(m) = -m**3 - 4*m**2 + 4*m - 2. Let k be d(o). Suppose -254 + 56 = -k*q. Calculate the highest common factor of 11 and q.
11
Suppose 55*k = 49*k + 414. Let x be (2*-1)/(-2) + 22. Calculate the highest common factor of x and k.
23
Let u(i) = 5*i**2 - 3. Suppose 2 - 6 = t. Let n be u(t). Suppose 0 = -7*y + 4*y + 33. Calculate the highest common factor of y and n.
11
Let i = 211 + -127. What is the greatest common factor of i and 12?
12
Suppose 5*m - m - 44 = 0. Calculate the greatest common divisor of m and 11.
11
Let h(f) be the first derivative of -1/4*f**4 + 3*f + 1/2*f**2 + 4/3*f**3 - 3. Let t be h(4). Calculate the highest common divisor of t and 7.
7
Suppose -2*v = -0*v - 16. Calculate the highest common factor of 72 and v.
8
Let z be (2 - 1)/((-2)/(-14)). Suppose 2*i + 20 = z*i. Suppose -2*w + 52 = 3*f, 5*f - i*w + 14 - 64 = 0. Calculate the greatest common factor of 7 and f.
7
Let o(k) = -k + 2. Let h be o(0). Let s be 16/((h/11)/1). Let x(y) = 2*y**2 - y + 2. Let w be x(2). What is the greatest common divisor of s and w?
8
Suppose 6*w + 12 = 9*w. Let r = 7 - w. Calculate the greatest common divisor of 33 and r.
3
Let a = -170 + 239. Let u = a + -49. What is the greatest common factor of 20 and u?
20
Let x(a) = a**2 - 2*a - 7. Let h be x(-5). Calculate the greatest common divisor of 126 and h.
14
Suppose -9*j + j + 136 = 0. What is the greatest common divisor of j and 85?
17
Let m be (198/(-45))/((-1)/5). Let l = -88 - -242. What is the greatest common divisor of m and l?
22
Suppose 8 = -2*a - 2*p, 0 = -3*a - p + 2*p - 12. Let k be a*((-21)/4 - -2). Calculate the greatest common divisor of 143 and k.
13
Suppose -5*p + 19 = 4*v, 2*p - 6 = -4*v + 4. Suppose 4*r - 33 = -5*m, 3*m + 0*m = -r + 24. Suppose 6 = 5*o - m. Calculate the highest common divisor of p and o.
3
Suppose 6*y - 2400 = y. Suppose -4*f = f - y. What is t